e highest common divisor of 315 and 891?
9
What is the greatest common factor of 51645 and 45?
15
Calculate the highest common factor of 24095 and 121085.
305
What is the highest common factor of 1248 and 699816?
312
What is the greatest common divisor of 4171 and 83808?
97
Calculate the highest common factor of 211596 and 3696.
924
What is the highest common factor of 161861 and 133?
133
Calculate the greatest common factor of 43862 and 44408.
182
What is the greatest common factor of 2160 and 11205?
135
Calculate the highest common factor of 7760 and 2020.
20
What is the greatest common divisor of 8470 and 1610?
70
What is the highest common factor of 92097 and 20087?
379
What is the highest common factor of 592480 and 2392?
184
Calculate the highest common divisor of 36261 and 204.
51
Calculate the highest common divisor of 14725 and 2480.
155
Calculate the greatest common factor of 4 and 12439.
1
What is the greatest common factor of 30179 and 206?
103
Calculate the greatest common factor of 15 and 1033.
1
Calculate the highest common divisor of 14022 and 148789.
779
Calculate the greatest common divisor of 69 and 48047.
23
What is the greatest common factor of 905 and 35838?
181
What is the greatest common factor of 2001 and 16560?
69
Calculate the greatest common divisor of 4371 and 1692.
141
What is the highest common factor of 153 and 1791?
9
Calculate the highest common divisor of 8664337 and 11.
11
What is the greatest common factor of 260532 and 324?
36
What is the highest common factor of 739 and 3437089?
739
Calculate the highest common factor of 1242 and 874.
46
What is the highest common factor of 55573 and 119?
119
Calculate the highest common factor of 1185 and 376593.
237
Calculate the highest common factor of 5499 and 25389.
117
Calculate the greatest common factor of 791 and 30618.
7
What is the greatest common divisor of 6724 and 492?
164
Calculate the greatest common divisor of 13000 and 988.
52
What is the highest common divisor of 285450 and 7425?
825
Calculate the highest common factor of 17 and 1319982.
17
Calculate the highest common divisor of 345 and 1050.
15
Calculate the greatest common divisor of 3780 and 96894.
126
Calculate the greatest common factor of 392350 and 126.
14
What is the greatest common divisor of 2580193 and 7?
7
Calculate the highest common divisor of 350259 and 3003.
273
Calculate the highest common factor of 1596 and 2100.
84
Calculate the highest common divisor of 1415 and 43.
1
Calculate the highest common factor of 498540 and 840.
420
What is the greatest common factor of 41865 and 960?
15
Calculate the greatest common divisor of 26411 and 22.
11
Calculate the greatest common divisor of 742855 and 505.
505
Calculate the greatest common factor of 1764 and 27804.
84
Calculate the highest common divisor of 60 and 17724.
12
Calculate the greatest common divisor of 520 and 11024.
104
What is the highest common divisor of 88 and 228844?
44
Calculate the greatest common divisor of 14391 and 6448.
13
Calculate the greatest common factor of 1275 and 3195.
15
What is the highest common divisor of 101631 and 6?
3
What is the highest common factor of 630 and 15365?
35
Calculate the highest common factor of 30749 and 13631.
317
Calculate the highest common factor of 3800 and 133475.
475
Calculate the greatest common factor of 43304 and 8.
8
Calculate the greatest common divisor of 28 and 81284.
28
What is the greatest common factor of 6688 and 6992?
304
What is the greatest common factor of 49750 and 12338?
398
What is the highest common factor of 460 and 739680?
460
What is the greatest common divisor of 140 and 7545860?
140
Calculate the greatest common divisor of 23 and 7923477.
23
Calculate the highest common divisor of 658040 and 60.
20
What is the greatest common factor of 63837 and 346?
173
Calculate the highest common divisor of 49 and 66773.
7
What is the greatest common divisor of 384 and 25800?
24
Calculate the greatest common divisor of 42 and 2206722.
42
What is the greatest common factor of 2916 and 1728?
108
What is the highest common factor of 22605 and 1375?
55
Calculate the highest common factor of 64 and 314504.
8
Calculate the highest common factor of 682 and 70866.
62
Calculate the greatest common divisor of 306546 and 228.
114
Calculate the greatest common factor of 624 and 21952.
16
Calculate the greatest common divisor of 147 and 524769.
21
Calculate the greatest common divisor of 3575 and 441025.
325
What is the greatest common factor of 918 and 339252?
102
What is the greatest common factor of 37615 and 5?
5
Calculate the greatest common factor of 205 and 693925.
205
What is the highest common factor of 426 and 284923?
71
What is the greatest common divisor of 245799 and 279?
279
What is the greatest common divisor of 182 and 66206?
14
What is the greatest common factor of 7127 and 6?
1
Calculate the highest common divisor of 1372578 and 12.
6
Calculate the highest common divisor of 142 and 400866.
142
Calculate the highest common divisor of 719664 and 6.
6
What is the greatest common factor of 490 and 137774?
14
Calculate the greatest common factor of 25781 and 381.
127
Calculate the greatest common factor of 154 and 61.
1
Calculate the highest common divisor of 81 and 9369.
27
Calculate the greatest common divisor of 272 and 542544.
16
Calculate the highest common divisor of 34 and 38505.
17
Calculate the greatest common divisor of 10710 and 13650.
210
Calculate the greatest common divisor of 4128 and 1056.
96
Calculate the highest common divisor of 6141 and 26433.
267
What is the highest common factor of 78 and 312962?
26
What is the highest common divisor of 6 and 57240?
6
Calculate the greatest common divisor of 645990 and 3177.
1059
Calculate the greatest common factor of 38848 and 64.
64
Calculate the greatest common factor of 27656 and 8.
8
Calculate the greatest common divisor of 4720 and 90860.
1180
Calculate the greatest common factor of 3604 and 408.
68
What is the highest common divisor of 208 and 14053?
13
Calculate the greatest common factor of 15337 and 8477.
49
Calculate the greatest common factor of 2227185 and 860.
215
What is the highest common factor of 8694 and 1909?
23
Calculate the highest common factor of 12892 and 27324.
44
What is the highest common divisor of 720 and 44424?
72
What is the highest common divisor of 66 and 121572?
66
What is the greatest common factor of 7524 and 19437?
627
What is the greatest common divisor of 2868 and 120?
12
Calculate the greatest common factor of 9579 and 1461.
3
Calculate the greatest common factor of 39 and 109525.
13
Calculate the highest common factor of 8280 and 66792.
552
Calculate the greatest common divisor of 2223 and 9234.
171
Calculate the greatest common factor of 908 and 45173.
227
Calculate the greatest common divisor of 50 and 571525.
25
What is the highest common factor of 1536730 and 520?
130
What is the highest common factor of 5103 and 65583?
189
Calculate the highest common factor of 54768 and 378.
42
What is the highest common divisor of 186252 and 308?
44
Calculate the greatest common divisor of 434 and 310961.
217
Calculate the greatest common divisor of 1305 and 18000.
45
What is the highest common factor of 62281 and 33693?
1021
Calculate the greatest common divisor of 1210 and 2035.
55
What is the highest common divisor of 352 and 136642?
22
What is the greatest common factor of 3672 and 27999?
459
Calculate the greatest common divisor of 4736 and 112.
16
What is the highest common factor of 79 and 450221?
79
Calculate the highest common divisor of 1125 and 2750.
125
Calculate the greatest common divisor of 137 and 88639.
137
Calculate the highest common divisor of 1037064 and 336.
168
What is the greatest common divisor of 17733 and 345?
69
Calculate the highest common factor of 5252766 and 2504.
626
What is the greatest common divisor of 1482 and 151658?
494
Calculate the greatest common factor of 98 and 245294.
98
What is the greatest common factor of 459756 and 98384?
1892
What is the greatest common divisor of 12483 and 1539?
171
Calculate the greatest common divisor of 441 and 1584.
9
Calculate the highest common factor of 969745 and 515.
515
What is the highest common factor o